{"id":10,"date":"2025-10-23T20:46:41","date_gmt":"2025-10-23T20:46:41","guid":{"rendered":"https:\/\/2025.piensalibre.lat\/?page_id=10"},"modified":"2026-03-01T06:43:21","modified_gmt":"2026-03-01T00:43:21","slug":"acerca-de-humanismo-secular-costa-rica","status":"publish","type":"page","link":"https:\/\/piensalibre.lat\/index.php\/acerca-de-humanismo-secular-costa-rica\/","title":{"rendered":"ACOHUSE"},"content":{"rendered":"\n<h2 class=\"wp-block-heading has-vivid-cyan-blue-color has-text-color has-link-color wp-elements-3ce7a4f58ceee3d9d06375c98f41e5d2\">Acerca de Humanismo Secular Costa Rica<\/h2>\n\n\n\n<p><strong>Somos una asociaci\u00f3n sin fines de lucro<\/strong> dedicada a promover y defender los principios del humanismo secular en Costa Rica. Creemos en el uso de la raz\u00f3n, la evidencia cient\u00edfica y la compasi\u00f3n para abordar los problemas humanos.<\/p>\n\n\n\n<h2 class=\"wp-block-heading has-text-color has-link-color wp-elements-9e0925e9cf2152ff5ce1a2f35e57e244\" style=\"color:#f14242\">Nuestra Misi\u00f3n<\/h2>\n\n\n\n<p>Nuestra misi\u00f3n es educar sobre la \u00e9tica laica, fomentar el pensamiento cr\u00edtico y abogar por un estado de derecho que garantice la separaci\u00f3n entre la iglesia y el estado, promoviendo una sociedad m\u00e1s justa e inclusiva para todas las personas<\/p>\n\n\n\n<h2 class=\"wp-block-heading has-vivid-cyan-blue-color has-text-color has-link-color wp-elements-155465a7cd76274b051a4f4edf23bdcc\">Nuestros Valores<\/h2>\n\n\n\n<ul class=\"wp-block-list\">\n<li>La Raz\u00f3n y la Ciencia.<\/li>\n\n\n\n<li>La \u00c9tica y la Compasi\u00f3n.<\/li>\n\n\n\n<li>La Igualdad y la Justicia Social.<\/li>\n\n\n\n<li>La Libertad de Pensamiento y Expresi\u00f3n.<\/li>\n<\/ul>\n\n\n\n<figure class=\"wp-block-image aligncenter size-full is-resized\"><img loading=\"lazy\" decoding=\"async\" width=\"800\" height=\"800\" src=\"https:\/\/2025.piensalibre.lat\/wp-content\/uploads\/2025\/11\/WhatsApp-Image-2025-11-18-at-10.56.35-PM.jpeg\" alt=\"\" class=\"wp-image-157\" style=\"width:500px;height:auto\" srcset=\"https:\/\/piensalibre.lat\/wp-content\/uploads\/2025\/11\/WhatsApp-Image-2025-11-18-at-10.56.35-PM.jpeg 800w, https:\/\/piensalibre.lat\/wp-content\/uploads\/2025\/11\/WhatsApp-Image-2025-11-18-at-10.56.35-PM-300x300.jpeg 300w, https:\/\/piensalibre.lat\/wp-content\/uploads\/2025\/11\/WhatsApp-Image-2025-11-18-at-10.56.35-PM-150x150.jpeg 150w, https:\/\/piensalibre.lat\/wp-content\/uploads\/2025\/11\/WhatsApp-Image-2025-11-18-at-10.56.35-PM-768x768.jpeg 768w\" sizes=\"auto, (max-width: 800px) 100vw, 800px\" \/><\/figure>\n","protected":false},"excerpt":{"rendered":"<p>Acerca de Humanismo Secular Costa Rica Somos una asociaci\u00f3n sin fines de lucro dedicada a promover y defender<\/p>\n","protected":false},"author":1,"featured_media":0,"parent":0,"menu_order":0,"comment_status":"closed","ping_status":"closed","template":"","meta":{"ngg_post_thumbnail":0,"footnotes":""},"class_list":["post-10","page","type-page","status-publish","hentry"],"_links":{"self":[{"href":"https:\/\/piensalibre.lat\/index.php\/wp-json\/wp\/v2\/pages\/10","targetHints":{"allow":["GET"]}}],"collection":[{"href":"https:\/\/piensalibre.lat\/index.php\/wp-json\/wp\/v2\/pages"}],"about":[{"href":"https:\/\/piensalibre.lat\/index.php\/wp-json\/wp\/v2\/types\/page"}],"author":[{"embeddable":true,"href":"https:\/\/piensalibre.lat\/index.php\/wp-json\/wp\/v2\/users\/1"}],"replies":[{"embeddable":true,"href":"https:\/\/piensalibre.lat\/index.php\/wp-json\/wp\/v2\/comments?post=10"}],"version-history":[{"count":0,"href":"https:\/\/piensalibre.lat\/index.php\/wp-json\/wp\/v2\/pages\/10\/revisions"}],"wp:attachment":[{"href":"https:\/\/piensalibre.lat\/index.php\/wp-json\/wp\/v2\/media?parent=10"}],"curies":[{"name":"wp","href":"https:\/\/api.w.org\/{rel}","templated":true}]}}

<h2 class="wp-block-heading has-vivid-cyan-blue-color has-text-color has-link-color wp-elements-3ce7a4f58ceee3d9d06375c98f41e5d2">Acerca de Humanismo Secular Costa Rica</h2>



<p><strong>Somos una asociación sin fines de lucro</strong> dedicada a promover y defender los principios del humanismo secular en Costa Rica. Creemos en el uso de la razón, la evidencia científica y la compasión para abordar los problemas humanos.</p>



<h2 class="wp-block-heading has-text-color has-link-color wp-elements-9e0925e9cf2152ff5ce1a2f35e57e244" style="color:#f14242">Nuestra Misión</h2>



<p>Nuestra misión es educar sobre la ética laica, fomentar el pensamiento crítico y abogar por un estado de derecho que garantice la separación entre la iglesia y el estado, promoviendo una sociedad más justa e inclusiva para todas las personas</p>



<h2 class="wp-block-heading has-vivid-cyan-blue-color has-text-color has-link-color wp-elements-155465a7cd76274b051a4f4edf23bdcc">Nuestros Valores</h2>



<ul class="wp-block-list">
<li>La Razón y la Ciencia.</li>



<li>La Ética y la Compasión.</li>



<li>La Igualdad y la Justicia Social.</li>



<li>La Libertad de Pensamiento y Expresión.</li>
</ul>



<figure class="wp-block-image aligncenter size-full is-resized"><img loading="lazy" decoding="async" width="800" height="800" src="https://2025.piensalibre.lat/wp-content/uploads/2025/11/WhatsApp-Image-2025-11-18-at-10.56.35-PM.jpeg" alt="" class="wp-image-157" style="width:500px;height:auto" srcset="https://piensalibre.lat/wp-content/uploads/2025/11/WhatsApp-Image-2025-11-18-at-10.56.35-PM.jpeg 800w, https://piensalibre.lat/wp-content/uploads/2025/11/WhatsApp-Image-2025-11-18-at-10.56.35-PM-300x300.jpeg 300w, https://piensalibre.lat/wp-content/uploads/2025/11/WhatsApp-Image-2025-11-18-at-10.56.35-PM-150x150.jpeg 150w, https://piensalibre.lat/wp-content/uploads/2025/11/WhatsApp-Image-2025-11-18-at-10.56.35-PM-768x768.jpeg 768w" sizes="auto, (max-width: 800px) 100vw, 800px" /></figure>

<p>Acerca de Humanismo Secular Costa Rica Somos una asociación sin fines de lucro dedicada a promover y defender</p>
