{"id":442,"date":"2026-04-30T20:57:35","date_gmt":"2026-04-30T14:57:35","guid":{"rendered":"https:\/\/2025.piensalibre.lat\/?page_id=442"},"modified":"2026-04-30T21:17:28","modified_gmt":"2026-04-30T15:17:28","slug":"convocatoria-de-ponencias","status":"publish","type":"page","link":"https:\/\/piensalibre.lat\/index.php\/convocatoria-de-ponencias\/","title":{"rendered":"Convocatoria de ponencias"},"content":{"rendered":"\n<figure class=\"wp-block-image alignfull size-full\"><img loading=\"lazy\" decoding=\"async\" width=\"820\" height=\"312\" src=\"https:\/\/2025.piensalibre.lat\/wp-content\/uploads\/2026\/04\/Costado-sur-de-la-Plaza-de-Democracia-San-Jose-Costa-Rica-2.png\" alt=\"\" class=\"wp-image-447\" srcset=\"https:\/\/piensalibre.lat\/wp-content\/uploads\/2026\/04\/Costado-sur-de-la-Plaza-de-Democracia-San-Jose-Costa-Rica-2.png 820w, https:\/\/piensalibre.lat\/wp-content\/uploads\/2026\/04\/Costado-sur-de-la-Plaza-de-Democracia-San-Jose-Costa-Rica-2-300x114.png 300w, https:\/\/piensalibre.lat\/wp-content\/uploads\/2026\/04\/Costado-sur-de-la-Plaza-de-Democracia-San-Jose-Costa-Rica-2-768x292.png 768w\" sizes=\"auto, (max-width: 820px) 100vw, 820px\" \/><\/figure>\n\n\n\n<h2 class=\"wp-block-heading\">Convocatoria para la presentaci\u00f3n de ponencias<\/h2>\n\n\n\n<h3 class=\"wp-block-heading\">Costa Rica ser\u00e1 la sede del 4\u00b0 Encuentro Latinoamericano de Librepensamiento en 2026<\/h3>\n\n\n\n<p>La Asociaci\u00f3n Costarricense Humanista Secular (ACOHUSE), el Centro de Estudios Generales y la Escuela Ecum\u00e9nica de Ciencias de la Religi\u00f3n les invitan al 4.\u00ba Encuentro Latinoamericano de Librepensamiento como panelistas.  <\/p>\n\n\n\n<p>Este evento se llevar\u00e1 a cabo del jueves 19 al s\u00e1bado 21 de noviembre de 2026. El jueves 19 de noviembre la inauguraci\u00f3n ser\u00e1 en el Auditorio Clorito Picado y seguir\u00e1 su desarrollo los d\u00edas 20 y 21 de noviembre en las aulas del Centro de Estudios Generales. El detalle del evento y el programa se les compartir\u00e1 m\u00e1s adelante.<\/p>\n\n\n\n<p>Se insta a todas las personas acad\u00e9micas interesadas a enviar sus propuestas, ya sean individuales o paneles de discusi\u00f3n.<\/p>\n\n\n\n<p>Las ponencias deben tener una extensi\u00f3n m\u00ednima de 15 p\u00e1ginas a un m\u00e1ximo de 25 p\u00e1ginas en formato APA. La exposici\u00f3n debe estar dise\u00f1ada para una presentaci\u00f3n no mayor a 25 minutos.<br>Ser\u00e1 un honor contar con su presencia para intercambiar ideas acerca de los diversos temas del humanismo secular en Am\u00e9rica Latina y el mundo. Este evento re\u00fane a organizaciones, acad\u00e9micas\/os y personas interesadas en promover el libre pensamiento, una sociedad m\u00e1s justa.<br>Ejes tem\u00e1ticos:<\/p>\n\n\n\n<ol class=\"wp-block-list\">\n<li>Humanismo secular y filosof\u00eda<\/li>\n<\/ol>\n\n\n\n<p>? \u00bfQu\u00e9 es el humanismo secular como concepto filos\u00f3fico e hist\u00f3rico?<\/p>\n\n\n\n<p>? Pasado, presente y futuro del humanismo secular en Am\u00e9rica Latina.<\/p>\n\n\n\n<p>? Principales diferencias entre el humanismo secular, el existencialismo ateo, el absurdismo y el nihilismo.<\/p>\n\n\n\n<p>? Principales fil\u00f3sofos humanistas seculares y su impacto en la sociedad latinoamericana.<\/p>\n\n\n\n<ol start=\"2\" class=\"wp-block-list\">\n<li>Humanismo secular y religi\u00f3n<\/li>\n<\/ol>\n\n\n\n<p>? \u00bfCu\u00e1l es la relaci\u00f3n antag\u00f3nica entre religi\u00f3n y humanismo secular?<\/p>\n\n\n\n<p>? Ciencia, religi\u00f3n y humanismo secular.<\/p>\n\n\n\n<p>? Humanismo secular, ate\u00edsmo, agnosticismo, budismo, juda\u00edsmo y cristianismo.<\/p>\n\n\n\n<p>? Humanismo secular, humanismo evolutivo y transhumanismo: el rol de la IA.<\/p>\n\n\n\n<ol start=\"3\" class=\"wp-block-list\">\n<li>Humanismo secular y pol\u00edtica<\/li>\n<\/ol>\n\n\n\n<p>? El humanismo secular en la \u00e9poca de los derechos humanos.<\/p>\n\n\n\n<p>? El humanismo secular en la pol\u00edtica de Am\u00e9rica Latina.<\/p>\n\n\n\n<p>? Humanismo secular y eutanasia: el derecho a una muerte digna.<\/p>\n\n\n\n<p>? Humanismo secular y Estado laico: experiencias de Am\u00e9rica Latina y el mundo para Costa Rica.<\/p>\n\n\n\n<p>Cada jornada contar\u00e1 con presentaciones individuales y paneles de discusi\u00f3n, de acuerdo con las ponencias recibidas.<\/p>\n\n\n\n<p>Detalles de participaci\u00f3n<\/p>\n\n\n\n<p>La fecha l\u00edmite para la recepci\u00f3n de ponencias es el 30 de septiembre de 2026. Las propuestas deben enviarse a coordinacion@piensalibre.lat para la revisi\u00f3n del Comit\u00e9 Organizador, el cual certificar\u00e1 su relevancia y calidad. Se dar\u00e1 prioridad a los ejes tem\u00e1ticos se\u00f1alados.<\/p>\n\n\n\n<p>Le agradecer\u00edamos confirmar su asistencia, ya sea como ponente o asistente, antes del 30 de junio de 2026.<\/p>\n\n\n\n<p>La p\u00e1gina de Facebook del evento es:<br>https:\/\/www.facebook.com\/encuentrolibrepensamiento<br>Anticipamos con entusiasmo la realizaci\u00f3n de este Encuentro y estamos seguros de que su participaci\u00f3n contribuir\u00e1 a su \u00e9xito. Quedamos a su disposici\u00f3n para cualquier duda a trav\u00e9s de los n\u00fameros de WhatsApp: +506 6036 7353 o +506 8391 1911.<\/p>\n\n\n\n<p>Informaci\u00f3n de contactos:<\/p>\n\n\n\n<p>Reiner Retana<br>Presidente de ACOHUSE<br>Coordinador 4\u00ba Encuentro Latinoamericano de Librepensamiento Costa Rica 2026<br>WhatsApp: +506 6036 7353, correo electr\u00f3nico: reiner.retana@gmail.com<\/p>\n\n\n\n<p>Claudio Ansorena<br>Secretario 4\u00ba Encuentro Latinoamericano de Librepensamiento Costa Rica 2026<br>WhatsApp: +506 8391 1911, correo electr\u00f3nico: ansorenac@gmail.com<br>Claudio Ansorena: +506 8391 1911<\/p>\n\n\n\n<p><\/p>\n","protected":false},"excerpt":{"rendered":"<p>Convocatoria para la presentaci\u00f3n de ponencias Costa Rica ser\u00e1 la sede del 4\u00b0 Encuentro Latinoamericano de Librepensamiento en<\/p>\n","protected":false},"author":2,"featured_media":0,"parent":0,"menu_order":0,"comment_status":"closed","ping_status":"closed","template":"","meta":{"ngg_post_thumbnail":0,"footnotes":""},"class_list":["post-442","page","type-page","status-publish","hentry"],"_links":{"self":[{"href":"https:\/\/piensalibre.lat\/index.php\/wp-json\/wp\/v2\/pages\/442","targetHints":{"allow":["GET"]}}],"collection":[{"href":"https:\/\/piensalibre.lat\/index.php\/wp-json\/wp\/v2\/pages"}],"about":[{"href":"https:\/\/piensalibre.lat\/index.php\/wp-json\/wp\/v2\/types\/page"}],"author":[{"embeddable":true,"href":"https:\/\/piensalibre.lat\/index.php\/wp-json\/wp\/v2\/users\/2"}],"replies":[{"embeddable":true,"href":"https:\/\/piensalibre.lat\/index.php\/wp-json\/wp\/v2\/comments?post=442"}],"version-history":[{"count":0,"href":"https:\/\/piensalibre.lat\/index.php\/wp-json\/wp\/v2\/pages\/442\/revisions"}],"wp:attachment":[{"href":"https:\/\/piensalibre.lat\/index.php\/wp-json\/wp\/v2\/media?parent=442"}],"curies":[{"name":"wp","href":"https:\/\/api.w.org\/{rel}","templated":true}]}}

<figure class="wp-block-image alignfull size-full"><img loading="lazy" decoding="async" width="820" height="312" src="https://2025.piensalibre.lat/wp-content/uploads/2026/04/Costado-sur-de-la-Plaza-de-Democracia-San-Jose-Costa-Rica-2.png" alt="" class="wp-image-447" srcset="https://piensalibre.lat/wp-content/uploads/2026/04/Costado-sur-de-la-Plaza-de-Democracia-San-Jose-Costa-Rica-2.png 820w, https://piensalibre.lat/wp-content/uploads/2026/04/Costado-sur-de-la-Plaza-de-Democracia-San-Jose-Costa-Rica-2-300x114.png 300w, https://piensalibre.lat/wp-content/uploads/2026/04/Costado-sur-de-la-Plaza-de-Democracia-San-Jose-Costa-Rica-2-768x292.png 768w" sizes="auto, (max-width: 820px) 100vw, 820px" /></figure>



<h2 class="wp-block-heading">Convocatoria para la presentación de ponencias</h2>



<h3 class="wp-block-heading">Costa Rica será la sede del 4° Encuentro Latinoamericano de Librepensamiento en 2026</h3>



<p>La Asociación Costarricense Humanista Secular (ACOHUSE), el Centro de Estudios Generales y la Escuela Ecuménica de Ciencias de la Religión les invitan al 4.º Encuentro Latinoamericano de Librepensamiento como panelistas.  </p>



<p>Este evento se llevará a cabo del jueves 19 al sábado 21 de noviembre de 2026. El jueves 19 de noviembre la inauguración será en el Auditorio Clorito Picado y seguirá su desarrollo los días 20 y 21 de noviembre en las aulas del Centro de Estudios Generales. El detalle del evento y el programa se les compartirá más adelante.</p>



<p>Se insta a todas las personas académicas interesadas a enviar sus propuestas, ya sean individuales o paneles de discusión.</p>



<p>Las ponencias deben tener una extensión mínima de 15 páginas a un máximo de 25 páginas en formato APA. La exposición debe estar diseñada para una presentación no mayor a 25 minutos.<br>Será un honor contar con su presencia para intercambiar ideas acerca de los diversos temas del humanismo secular en América Latina y el mundo. Este evento reúne a organizaciones, académicas/os y personas interesadas en promover el libre pensamiento, una sociedad más justa.<br>Ejes temáticos:</p>



<ol class="wp-block-list">
<li>Humanismo secular y filosofía</li>
</ol>



<p>? ¿Qué es el humanismo secular como concepto filosófico e histórico?</p>



<p>? Pasado, presente y futuro del humanismo secular en América Latina.</p>



<p>? Principales diferencias entre el humanismo secular, el existencialismo ateo, el absurdismo y el nihilismo.</p>



<p>? Principales filósofos humanistas seculares y su impacto en la sociedad latinoamericana.</p>



<ol start="2" class="wp-block-list">
<li>Humanismo secular y religión</li>
</ol>



<p>? ¿Cuál es la relación antagónica entre religión y humanismo secular?</p>



<p>? Ciencia, religión y humanismo secular.</p>



<p>? Humanismo secular, ateísmo, agnosticismo, budismo, judaísmo y cristianismo.</p>



<p>? Humanismo secular, humanismo evolutivo y transhumanismo: el rol de la IA.</p>



<ol start="3" class="wp-block-list">
<li>Humanismo secular y política</li>
</ol>



<p>? El humanismo secular en la época de los derechos humanos.</p>



<p>? El humanismo secular en la política de América Latina.</p>



<p>? Humanismo secular y eutanasia: el derecho a una muerte digna.</p>



<p>? Humanismo secular y Estado laico: experiencias de América Latina y el mundo para Costa Rica.</p>



<p>Cada jornada contará con presentaciones individuales y paneles de discusión, de acuerdo con las ponencias recibidas.</p>



<p>Detalles de participación</p>



<p>La fecha límite para la recepción de ponencias es el 30 de septiembre de 2026. Las propuestas deben enviarse a coordinacion@piensalibre.lat para la revisión del Comité Organizador, el cual certificará su relevancia y calidad. Se dará prioridad a los ejes temáticos señalados.</p>



<p>Le agradeceríamos confirmar su asistencia, ya sea como ponente o asistente, antes del 30 de junio de 2026.</p>



<p>La página de Facebook del evento es:<br>https://www.facebook.com/encuentrolibrepensamiento<br>Anticipamos con entusiasmo la realización de este Encuentro y estamos seguros de que su participación contribuirá a su éxito. Quedamos a su disposición para cualquier duda a través de los números de WhatsApp: +506 6036 7353 o +506 8391 1911.</p>



<p>Información de contactos:</p>



<p>Reiner Retana<br>Presidente de ACOHUSE<br>Coordinador 4º Encuentro Latinoamericano de Librepensamiento Costa Rica 2026<br>WhatsApp: +506 6036 7353, correo electrónico: reiner.retana@gmail.com</p>



<p>Claudio Ansorena<br>Secretario 4º Encuentro Latinoamericano de Librepensamiento Costa Rica 2026<br>WhatsApp: +506 8391 1911, correo electrónico: ansorenac@gmail.com<br>Claudio Ansorena: +506 8391 1911</p>



<p></p>

<p>Convocatoria para la presentación de ponencias Costa Rica será la sede del 4° Encuentro Latinoamericano de Librepensamiento en</p>
